{"id":31,"date":"2023-11-07T11:24:23","date_gmt":"2023-11-07T11:24:23","guid":{"rendered":"https:\/\/oprogramowanie.us.edu.pl\/?page_id=31"},"modified":"2023-11-08T07:44:19","modified_gmt":"2023-11-08T07:44:19","slug":"statistica-zasoby","status":"publish","type":"page","link":"https:\/\/oprogramowanie.us.edu.pl\/index.php\/statistica-zasoby\/","title":{"rendered":"Statistica &#8211; zasoby"},"content":{"rendered":"\n<p>Dodatkowe materia\u0142y:<br><br>Producent zach\u0119ca do zapoznania si\u0119 z materia\u0142ami, kt\u00f3re mog\u0105 okaza\u0107 si\u0119 niezwykle przydatne dla u\u017cytkownik\u00f3w oprogramowania STATISTICA oraz wszystkich pracownik\u00f3w i student\u00f3w zajmuj\u0105cych si\u0119 statystyczn\u0105 analiz\u0105 danych.\u00a0<br>\u00a0<br>Pytania iodpowiedzi (FAQ) dotycz\u0105ce instalacji\/rejestracji oraz najcz\u0119\u015bciej wykorzystywanych funkcji STATISTICA: <strong><a href=\"http:\/\/www.statsoft.pl\/Zasoby\/Materialy-dodatkowe\/Pytania-i-odpowiedzi\">Pytania i odpowiedzi<\/a>\u00a0<\/strong><br>\u00a0<br>Internetowa Czytelnia (artyku\u0142y po\u015bwi\u0119cone tematyce statystycznej z przyk\u0142adami wykorzystania z programu STATISTICA w r\u00f3\u017cnych zastosowaniach): <a href=\"http:\/\/www.statsoft.pl\/Czytelnia\"><strong>Czytelnia<\/strong><\/a><br>\u00a0<br>Nagrania z internetowych prezentacji (webinari\u00f3w) przedstawiaj\u0105cych wykorzystanie STATISTICA w r\u00f3\u017cnych dziedzinach: <strong><a href=\"http:\/\/www.statsoft.pl\/Uslugi\/Seminaria\/Webinaria-i-webcast\">Prezentacje<\/a>\u00a0<\/strong><br>\u00a0<br>Internetowy Podr\u0119cznik Statystyki \u2013 czyli kompendium wiedzy kt\u00f3re u\u0142atwia zrozumie\u0107, a tak\u017ce stosowa\u0107 metody statystyczne: <a href=\"http:\/\/www.statsoft.pl\/textbook\/stathome.html\"><strong>Kompendium wiedzy<\/strong><\/a><br>\u00a0<br>StatSoft Polska zapewnia pe\u0142ne spektrum rozwi\u0105za\u0144 Statistica i ich serwis oraz pe\u0142ne spektrum us\u0142ug zwi\u0105zanych z analiz\u0105 danych w tym us\u0142ugi szkoleniowe, konsultingowe, analityczne.\u00a0<br>\u00a0<br>Zapraszamy do odwiedzenia strony WWW (adres: http:\/\/www.StatSoft.pl) &#8211; mo\u017cna na nich znale\u017a\u0107 wiele interesuj\u0105cych informacji o programach z rodziny Statistica i analizie danych.<\/p>\n","protected":false},"excerpt":{"rendered":"<p>Dodatkowe materia\u0142y: Producent zach\u0119ca do zapoznania si\u0119 z materia\u0142ami, kt\u00f3re mog\u0105 okaza\u0107 si\u0119 niezwykle przydatne dla u\u017cytkownik\u00f3w oprogramowania STATISTICA oraz wszystkich pracownik\u00f3w i student\u00f3w zajmuj\u0105cych si\u0119 statystyczn\u0105 analiz\u0105 danych.\u00a0\u00a0Pytania iodpowiedzi (FAQ) dotycz\u0105ce instalacji\/rejestracji oraz najcz\u0119\u015bciej wykorzystywanych funkcji STATISTICA: Pytania i odpowiedzi\u00a0\u00a0Internetowa Czytelnia (artyku\u0142y po\u015bwi\u0119cone tematyce statystycznej z przyk\u0142adami wykorzystania z programu STATISTICA w r\u00f3\u017cnych zastosowaniach): &hellip; <\/p>\n<p><a class=\"more-link btn\" href=\"https:\/\/oprogramowanie.us.edu.pl\/index.php\/statistica-zasoby\/\">Czytaj dalej<\/a><\/p>\n","protected":false},"author":1,"featured_media":0,"parent":0,"menu_order":0,"comment_status":"closed","ping_status":"closed","template":"","meta":{"footnotes":""},"class_list":["post-31","page","type-page","status-publish","hentry","nodate","item-wrap"],"_links":{"self":[{"href":"https:\/\/oprogramowanie.us.edu.pl\/index.php\/wp-json\/wp\/v2\/pages\/31","targetHints":{"allow":["GET"]}}],"collection":[{"href":"https:\/\/oprogramowanie.us.edu.pl\/index.php\/wp-json\/wp\/v2\/pages"}],"about":[{"href":"https:\/\/oprogramowanie.us.edu.pl\/index.php\/wp-json\/wp\/v2\/types\/page"}],"author":[{"embeddable":true,"href":"https:\/\/oprogramowanie.us.edu.pl\/index.php\/wp-json\/wp\/v2\/users\/1"}],"replies":[{"embeddable":true,"href":"https:\/\/oprogramowanie.us.edu.pl\/index.php\/wp-json\/wp\/v2\/comments?post=31"}],"version-history":[{"count":2,"href":"https:\/\/oprogramowanie.us.edu.pl\/index.php\/wp-json\/wp\/v2\/pages\/31\/revisions"}],"predecessor-version":[{"id":83,"href":"https:\/\/oprogramowanie.us.edu.pl\/index.php\/wp-json\/wp\/v2\/pages\/31\/revisions\/83"}],"wp:attachment":[{"href":"https:\/\/oprogramowanie.us.edu.pl\/index.php\/wp-json\/wp\/v2\/media?parent=31"}],"curies":[{"name":"wp","href":"https:\/\/api.w.org\/{rel}","templated":true}]}}